{"id":2014,"date":"2020-05-08T06:54:27","date_gmt":"2020-05-08T06:54:27","guid":{"rendered":"http:\/\/localhost\/theratio\/?page_id=2014"},"modified":"2026-04-07T08:45:29","modified_gmt":"2026-04-07T08:45:29","slug":"contacts","status":"publish","type":"page","link":"https:\/\/agenciareborn.cl\/index.php\/contacts\/","title":{"rendered":"Contacto"},"content":{"rendered":"\t\t<div data-elementor-type=\"wp-page\" data-elementor-id=\"2014\" class=\"elementor elementor-2014\" data-elementor-post-type=\"page\">\n\t\t\t\t\t\t<section class=\"elementor-section elementor-top-section elementor-element elementor-element-3492446 elementor-section-content-middle elementor-section-boxed elementor-section-height-default elementor-section-height-default\" data-id=\"3492446\" data-element_type=\"section\" data-e-type=\"section\">\n\t\t\t\t\t\t<div class=\"elementor-container elementor-column-gap-extended\">\n\t\t\t\t\t<div class=\"elementor-column elementor-col-50 elementor-top-column elementor-element elementor-element-c8de834 ot-flex-column-vertical\" data-id=\"c8de834\" data-element_type=\"column\" data-e-type=\"column\">\n\t\t\t<div class=\"elementor-widget-wrap elementor-element-populated\">\n\t\t\t\t\t\t<div class=\"elementor-element elementor-element-7784e75 elementor-widget elementor-widget-heading\" data-id=\"7784e75\" data-element_type=\"widget\" data-e-type=\"widget\" data-widget_type=\"heading.default\">\n\t\t\t\t<div class=\"elementor-widget-container\">\n\t\t\t\t\t<h2 class=\"elementor-heading-title elementor-size-default\">Ponte en contacto<\/h2>\t\t\t\t<\/div>\n\t\t\t\t<\/div>\n\t\t\t\t<div class=\"elementor-element elementor-element-2bc0966 elementor-widget elementor-widget-shortcode\" data-id=\"2bc0966\" data-element_type=\"widget\" data-e-type=\"widget\" data-widget_type=\"shortcode.default\">\n\t\t\t\t<div class=\"elementor-widget-container\">\n\t\t\t\t\t\t\t<div class=\"elementor-shortcode\">\n<div class=\"wpcf7 no-js\" id=\"wpcf7-f8-o1\" lang=\"es-ES\" dir=\"ltr\" data-wpcf7-id=\"8\">\n<div class=\"screen-reader-response\"><p role=\"status\" aria-live=\"polite\" aria-atomic=\"true\"><\/p> <ul><\/ul><\/div>\n<form action=\"\/index.php\/wp-json\/wp\/v2\/pages\/2014#wpcf7-f8-o1\" method=\"post\" class=\"wpcf7-form init\" aria-label=\"Formulario de contacto\" novalidate=\"novalidate\" data-status=\"init\">\n<fieldset class=\"hidden-fields-container\"><input type=\"hidden\" name=\"_wpcf7\" value=\"8\" \/><input type=\"hidden\" name=\"_wpcf7_version\" value=\"6.1.5\" \/><input type=\"hidden\" name=\"_wpcf7_locale\" value=\"es_ES\" \/><input type=\"hidden\" name=\"_wpcf7_unit_tag\" value=\"wpcf7-f8-o1\" \/><input type=\"hidden\" name=\"_wpcf7_container_post\" value=\"0\" \/><input type=\"hidden\" name=\"_wpcf7_posted_data_hash\" value=\"\" \/>\n<\/fieldset>\n<p><label> Nombre<br \/>\n<span class=\"wpcf7-form-control-wrap\" data-name=\"your-name\"><input size=\"40\" maxlength=\"400\" class=\"wpcf7-form-control wpcf7-text wpcf7-validates-as-required\" autocomplete=\"name\" aria-required=\"true\" aria-invalid=\"false\" value=\"\" type=\"text\" name=\"your-name\" \/><\/span> <\/label>\n<\/p>\n<p><label> Email<br \/>\n<span class=\"wpcf7-form-control-wrap\" data-name=\"your-email\"><input size=\"40\" maxlength=\"400\" class=\"wpcf7-form-control wpcf7-email wpcf7-validates-as-required wpcf7-text wpcf7-validates-as-email\" autocomplete=\"email\" aria-required=\"true\" aria-invalid=\"false\" value=\"\" type=\"email\" name=\"your-email\" \/><\/span> <\/label>\n<\/p>\n<p><label> Asunto<br \/>\n<span class=\"wpcf7-form-control-wrap\" data-name=\"your-subject\"><input size=\"40\" maxlength=\"400\" class=\"wpcf7-form-control wpcf7-text wpcf7-validates-as-required\" aria-required=\"true\" aria-invalid=\"false\" value=\"\" type=\"text\" name=\"your-subject\" \/><\/span> <\/label>\n<\/p>\n<p><label> Mensaje<br \/>\n<span class=\"wpcf7-form-control-wrap\" data-name=\"your-message\"><textarea cols=\"40\" rows=\"10\" maxlength=\"2000\" class=\"wpcf7-form-control wpcf7-textarea\" aria-invalid=\"false\" name=\"your-message\"><\/textarea><\/span> <\/label>\n<\/p>\n<p><input class=\"wpcf7-form-control wpcf7-submit has-spinner\" type=\"submit\" value=\"Enviar\" \/>\n<\/p><div class=\"wpcf7-response-output\" aria-hidden=\"true\"><\/div>\n<\/form>\n<\/div>\n<\/div>\n\t\t\t\t\t\t<\/div>\n\t\t\t\t<\/div>\n\t\t\t\t\t<\/div>\n\t\t<\/div>\n\t\t\t\t<div class=\"elementor-column elementor-col-50 elementor-top-column elementor-element elementor-element-131457d ot-flex-column-vertical\" data-id=\"131457d\" data-element_type=\"column\" data-e-type=\"column\" data-settings=\"{&quot;background_background&quot;:&quot;classic&quot;}\">\n\t\t\t<div class=\"elementor-widget-wrap elementor-element-populated\">\n\t\t\t\t\t\t<div class=\"elementor-element elementor-element-6a183e2 elementor-widget elementor-widget-iheading\" data-id=\"6a183e2\" data-element_type=\"widget\" data-e-type=\"widget\" data-widget_type=\"iheading.default\">\n\t\t\t\t<div class=\"elementor-widget-container\">\n\t\t\t\t\t\t\t<div class=\"ot-heading \">\r\n\t        <span>[ CONTACTO ]<\/span>\t        <h2 class=\"main-heading\">Iniciemos un Proyecto<\/h2>\t    <\/div>\r\n\t    \t\t\t\t<\/div>\n\t\t\t\t<\/div>\n\t\t\t\t<div class=\"elementor-element elementor-element-c6c295b elementor-widget elementor-widget-text-editor\" data-id=\"c6c295b\" data-element_type=\"widget\" data-e-type=\"widget\" data-widget_type=\"text-editor.default\">\n\t\t\t\t<div class=\"elementor-widget-container\">\n\t\t\t\t\t\t\t\t\tEscr\u00edbenos o ll\u00e1manos. Respondemos todas las consultas en menos de 24 horas h\u00e1biles. Estaremos felices de asesorarte en tu pr\u00f3xima implementaci\u00f3n.\t\t\t\t\t\t\t\t<\/div>\n\t\t\t\t<\/div>\n\t\t\t\t<div class=\"elementor-element elementor-element-6942fc6 elementor-widget elementor-widget-icontact_info\" data-id=\"6942fc6\" data-element_type=\"widget\" data-e-type=\"widget\" data-widget_type=\"icontact_info.default\">\n\t\t\t\t<div class=\"elementor-widget-container\">\n\t\t\t\t\t\t    \t<div class=\"contact-info\">\r\n\t\t        \t\t\t    \r\n\t\t\t    \t\t        <i class=\"ot-flaticon-place\"><\/i>\r\n\t\t        <div class=\"info-text\">\r\n\t\t        \t<h6>NUESTRA DIRECCI\u00d3N:<\/h6>\t\t        \t<p>La Concepci\u00f3n 81, Oficina 214, Providencia, Santiago, Chile.<\/p>\t\t        <\/div>\r\n\t\t    <\/div>\r\n\t    \t\t\t\t<\/div>\n\t\t\t\t<\/div>\n\t\t\t\t<div class=\"elementor-element elementor-element-1e04d08 elementor-widget elementor-widget-icontact_info\" data-id=\"1e04d08\" data-element_type=\"widget\" data-e-type=\"widget\" data-widget_type=\"icontact_info.default\">\n\t\t\t\t<div class=\"elementor-widget-container\">\n\t\t\t\t\t\t    \t<div class=\"contact-info\">\r\n\t\t        \t\t\t    \r\n\t\t\t    \t\t        <i class=\"ot-flaticon-mail\"><\/i>\r\n\t\t        <div class=\"info-text\">\r\n\t\t        \t<h6>NUESTRO EMAIL:<\/h6>\t\t        \t<p><a href=\"mailto:contacto@agenciareborn.cl\">contacto@agenciareborn.cl<\/a><\/p>\t\t        <\/div>\r\n\t\t    <\/div>\r\n\t    \t\t\t\t<\/div>\n\t\t\t\t<\/div>\n\t\t\t\t<div class=\"elementor-element elementor-element-0fecad6 elementor-widget elementor-widget-icontact_info\" data-id=\"0fecad6\" data-element_type=\"widget\" data-e-type=\"widget\" data-widget_type=\"icontact_info.default\">\n\t\t\t\t<div class=\"elementor-widget-container\">\n\t\t\t\t\t\t    \t<div class=\"contact-info\">\r\n\t\t        \t\t\t    \r\n\t\t\t    \t\t        <i class=\"ot-flaticon-phone-call\"><\/i>\r\n\t\t        <div class=\"info-text\">\r\n\t\t        \t<h6>NUESTRO TEL\u00c9FONO:<\/h6>\t\t        \t<p><a href=\"tel:+56 9 9771 3311\">+56 9 9771 3311<\/a><\/p>\t\t        <\/div>\r\n\t\t    <\/div>\r\n\t    \t\t\t\t<\/div>\n\t\t\t\t<\/div>\n\t\t\t\t<div class=\"elementor-element elementor-element-6d3148f e-grid-align-left elementor-grid-4 elementor-shape-rounded elementor-widget elementor-widget-social-icons\" data-id=\"6d3148f\" data-element_type=\"widget\" data-e-type=\"widget\" data-widget_type=\"social-icons.default\">\n\t\t\t\t<div class=\"elementor-widget-container\">\n\t\t\t\t\t\t\t<div class=\"elementor-social-icons-wrapper elementor-grid\" role=\"list\">\n\t\t\t\t\t\t\t<span class=\"elementor-grid-item\" role=\"listitem\">\n\t\t\t\t\t<a class=\"elementor-icon elementor-social-icon elementor-social-icon-youtube elementor-repeater-item-9c6b4b3\" href=\"https:\/\/www.youtube.com\/@AgenciaRebornCL\" target=\"_blank\">\n\t\t\t\t\t\t<span class=\"elementor-screen-only\">Youtube<\/span>\n\t\t\t\t\t\t<i aria-hidden=\"true\" class=\"fab fa-youtube\"><\/i>\t\t\t\t\t<\/a>\n\t\t\t\t<\/span>\n\t\t\t\t\t\t\t<span class=\"elementor-grid-item\" role=\"listitem\">\n\t\t\t\t\t<a class=\"elementor-icon elementor-social-icon elementor-social-icon-instagram elementor-repeater-item-b977f7f\" href=\"https:\/\/www.instagram.com\/agenciareborn.cl?igsh=MTY5dnBzYXV3Nnpldg%3D%3D&#038;utm_source=qr\" target=\"_blank\">\n\t\t\t\t\t\t<span class=\"elementor-screen-only\">Instagram<\/span>\n\t\t\t\t\t\t<i aria-hidden=\"true\" class=\"fab fa-instagram\"><\/i>\t\t\t\t\t<\/a>\n\t\t\t\t<\/span>\n\t\t\t\t\t<\/div>\n\t\t\t\t\t\t<\/div>\n\t\t\t\t<\/div>\n\t\t\t\t\t<\/div>\n\t\t<\/div>\n\t\t\t\t\t<\/div>\n\t\t<\/section>\n\t\t\t\t<section class=\"elementor-section elementor-top-section elementor-element elementor-element-1c7707d elementor-section-full_width elementor-section-height-default elementor-section-height-default\" data-id=\"1c7707d\" data-element_type=\"section\" data-e-type=\"section\">\n\t\t\t\t\t\t<div class=\"elementor-container elementor-column-gap-default\">\n\t\t\t\t\t<div class=\"elementor-column elementor-col-100 elementor-top-column elementor-element elementor-element-3972b22 ot-flex-column-vertical\" data-id=\"3972b22\" data-element_type=\"column\" data-e-type=\"column\">\n\t\t\t<div class=\"elementor-widget-wrap elementor-element-populated\">\n\t\t\t\t\t\t<div class=\"elementor-element elementor-element-d0a39be elementor-widget elementor-widget-google_maps\" data-id=\"d0a39be\" data-element_type=\"widget\" data-e-type=\"widget\" data-widget_type=\"google_maps.default\">\n\t\t\t\t<div class=\"elementor-widget-container\">\n\t\t\t\t\t\t\t<div class=\"elementor-custom-embed\">\n\t\t\t<iframe loading=\"lazy\"\n\t\t\t\t\tsrc=\"https:\/\/maps.google.com\/maps?q=La%20Concepci%C3%B3n%2081%2C%20Oficina%20214%2C%20Providencia%2C%20Santiago%2C%20Chile.&#038;t=m&#038;z=15&#038;output=embed&#038;iwloc=near\"\n\t\t\t\t\ttitle=\"La Concepci\u00f3n 81, Oficina 214, Providencia, Santiago, Chile.\"\n\t\t\t\t\taria-label=\"La Concepci\u00f3n 81, Oficina 214, Providencia, Santiago, Chile.\"\n\t\t\t><\/iframe>\n\t\t<\/div>\n\t\t\t\t\t\t<\/div>\n\t\t\t\t<\/div>\n\t\t\t\t\t<\/div>\n\t\t<\/div>\n\t\t\t\t\t<\/div>\n\t\t<\/section>\n\t\t\t\t<section class=\"elementor-section elementor-top-section elementor-element elementor-element-91bfdc4 elementor-section-boxed elementor-section-height-default elementor-section-height-default\" data-id=\"91bfdc4\" data-element_type=\"section\" data-e-type=\"section\" data-settings=\"{&quot;background_background&quot;:&quot;classic&quot;}\">\n\t\t\t\t\t\t<div class=\"elementor-container elementor-column-gap-default\">\n\t\t\t\t\t<div class=\"elementor-column elementor-col-100 elementor-top-column elementor-element elementor-element-2928a43 ot-flex-column-vertical\" data-id=\"2928a43\" data-element_type=\"column\" data-e-type=\"column\">\n\t\t\t<div class=\"elementor-widget-wrap elementor-element-populated\">\n\t\t\t\t\t\t<div class=\"elementor-element elementor-element-f0210b9 elementor-widget elementor-widget-html\" data-id=\"f0210b9\" data-element_type=\"widget\" data-e-type=\"widget\" data-widget_type=\"html.default\">\n\t\t\t\t<div class=\"elementor-widget-container\">\n\t\t\t\t\t<style>\r\n.footer-full-width {\r\n  background: black;\r\n  width: 100vw;\r\n  position: relative;\r\n  left: 50%;\r\n  margin-left: -50vw;\r\n  padding: 35px 0;\r\n  box-sizing: border-box;\r\n}\r\n\r\n.footer-container {\r\n  max-width: 1400px;\r\n  margin: 0 auto;\r\n  padding: 0 40px;\r\n  display: flex;\r\n  justify-content: space-between;\r\n  align-items: center;\r\n  flex-wrap: wrap;\r\n}\r\n\r\n\/* BLOQUES *\/\r\n.footer-block {\r\n  display: flex;\r\n  flex-direction: column;\r\n  gap: 10px;\r\n}\r\n\r\n\/* TITULARES *\/\r\n.footer-title {\r\n  font-size: 12px;\r\n  color: #aaa;\r\n  letter-spacing: 1px;\r\n}\r\n\r\n\/* LOGOS *\/\r\n.footer-logos {\r\n  display: flex;\r\n  align-items: center;\r\n}\r\n\r\n\/* \ud83d\udc47 AJUSTE CORRECTO DE TAMA\u00d1OS *\/\r\n.footer-left img {\r\n  height: 36px; \/* \ud83d\udc48 AJUSTADO (ANTES 48) *\/\r\n  width: auto;\r\n  opacity: 0.9;\r\n  transition: all 0.3s ease;\r\n}\r\n\r\n.footer-right img {\r\n  height: 42px;\r\n  width: auto;\r\n  opacity: 0.9;\r\n  transition: all 0.3s ease;\r\n}\r\n\r\n\/* HOVER *\/\r\n.footer-logos img:hover {\r\n  opacity: 1;\r\n  transform: translateY(-3px);\r\n  filter: drop-shadow(0 0 8px rgba(31,177,216,0.7));\r\n}\r\n\r\n\/* MEN\u00da *\/\r\n.footer-center {\r\n  display: flex;\r\n  align-items: center;\r\n  gap: 18px;\r\n}\r\n\r\n.footer-center a {\r\n  color: #ccc;\r\n  text-decoration: none;\r\n  font-size: 14px;\r\n  letter-spacing: 1px;\r\n  transition: all 0.3s ease;\r\n}\r\n\r\n.footer-center a:hover {\r\n  color: #1fb1d8;\r\n}\r\n\r\n.footer-divider {\r\n  width: 1px;\r\n  height: 18px;\r\n  background: rgba(255,255,255,0.25);\r\n}\r\n\r\n\/* RESPONSIVE *\/\r\n@media (max-width: 900px) {\r\n  .footer-container {\r\n    flex-direction: column;\r\n    gap: 30px;\r\n    text-align: center;\r\n  }\r\n\r\n  .footer-logos {\r\n    justify-content: center;\r\n  }\r\n\r\n  .footer-center {\r\n    justify-content: center;\r\n  }\r\n\r\n  .footer-left img {\r\n    height: 32px;\r\n  }\r\n\r\n  .footer-right img {\r\n    height: 34px;\r\n  }\r\n}\r\n<\/style>\r\n\r\n<div class=\"footer-full-width\">\r\n  <div class=\"footer-container\">\r\n\r\n    <!-- IZQUIERDA -->\r\n    <div class=\"footer-block footer-left\">\r\n      <div class=\"footer-title\">Vinculados a<\/div>\r\n      <div class=\"footer-logos\">\r\n        <img decoding=\"async\" src=\"https:\/\/agenciareborn.cl\/wp-content\/uploads\/2026\/04\/mercado-publico-1.png\" alt=\"\">\r\n      <\/div>\r\n    <\/div>\r\n\r\n    <!-- CENTRO -->\r\n    <div class=\"footer-center\">\r\n      <a href=\"https:\/\/agenciareborn.cl\/index.php\/about-us\/\">SOBRE REBORN<\/a>\r\n      <div class=\"footer-divider\"><\/div>\r\n      <a href=\"https:\/\/agenciareborn.cl\/index.php\/alianzas-estrategicas\/\">PROYECTOS<\/a>\r\n      <div class=\"footer-divider\"><\/div>\r\n      <a href=\"https:\/\/agenciareborn.cl\/index.php\/contacts\/\">CONTACTO<\/a>\r\n    <\/div>\r\n\r\n    <!-- DERECHA -->\r\n    <div class=\"footer-block footer-right\">\r\n      <div class=\"footer-title\">M\u00e9todos de pago<\/div>\r\n      <div class=\"footer-logos\">\r\n        <img decoding=\"async\" src=\"https:\/\/agenciareborn.cl\/wp-content\/uploads\/2026\/04\/pagos.png\" alt=\"\">\r\n      <\/div>\r\n    <\/div>\r\n\r\n  <\/div>\r\n<\/div>\t\t\t\t<\/div>\n\t\t\t\t<\/div>\n\t\t\t\t\t<\/div>\n\t\t<\/div>\n\t\t\t\t\t<\/div>\n\t\t<\/section>\n\t\t\t\t<\/div>\n\t\t","protected":false},"excerpt":{"rendered":"<p>Ponte en contacto [ CONTACTO ] Iniciemos un Proyecto Escr\u00edbenos o ll\u00e1manos. Respondemos todas las consultas en menos de 24 horas h\u00e1biles. Estaremos felices de asesorarte en tu pr\u00f3xima implementaci\u00f3n. NUESTRA DIRECCI\u00d3N: La Concepci\u00f3n 81, Oficina 214, Providencia, Santiago, Chile. NUESTRO EMAIL: contacto@agenciareborn.cl NUESTRO TEL\u00c9FONO: +56 9 9771 3311 Youtube Instagram Vinculados a SOBRE REBORN [&hellip;]<\/p>\n","protected":false},"author":1,"featured_media":0,"parent":0,"menu_order":0,"comment_status":"closed","ping_status":"closed","template":"","meta":{"rs_blank_template":"","rs_page_bg_color":"","slide_template_v7":"","footnotes":""},"class_list":["post-2014","page","type-page","status-publish","hentry"],"_links":{"self":[{"href":"https:\/\/agenciareborn.cl\/index.php\/wp-json\/wp\/v2\/pages\/2014","targetHints":{"allow":["GET"]}}],"collection":[{"href":"https:\/\/agenciareborn.cl\/index.php\/wp-json\/wp\/v2\/pages"}],"about":[{"href":"https:\/\/agenciareborn.cl\/index.php\/wp-json\/wp\/v2\/types\/page"}],"author":[{"embeddable":true,"href":"https:\/\/agenciareborn.cl\/index.php\/wp-json\/wp\/v2\/users\/1"}],"replies":[{"embeddable":true,"href":"https:\/\/agenciareborn.cl\/index.php\/wp-json\/wp\/v2\/comments?post=2014"}],"version-history":[{"count":121,"href":"https:\/\/agenciareborn.cl\/index.php\/wp-json\/wp\/v2\/pages\/2014\/revisions"}],"predecessor-version":[{"id":7223,"href":"https:\/\/agenciareborn.cl\/index.php\/wp-json\/wp\/v2\/pages\/2014\/revisions\/7223"}],"wp:attachment":[{"href":"https:\/\/agenciareborn.cl\/index.php\/wp-json\/wp\/v2\/media?parent=2014"}],"curies":[{"name":"wp","href":"https:\/\/api.w.org\/{rel}","templated":true}]}}