{"id":3914,"date":"2020-07-03T03:24:51","date_gmt":"2020-07-03T03:24:51","guid":{"rendered":"http:\/\/wpdemo.archiwp.com\/theratio\/?page_id=3914"},"modified":"2026-03-23T16:08:14","modified_gmt":"2026-03-23T16:08:14","slug":"portfolio-gallery-2-columns","status":"publish","type":"page","link":"https:\/\/agenciareborn.cl\/index.php\/portfolio-gallery-2-columns\/","title":{"rendered":"Portfolio Reborn"},"content":{"rendered":"\t\t<div data-elementor-type=\"wp-page\" data-elementor-id=\"3914\" class=\"elementor elementor-3914\" data-elementor-post-type=\"page\">\n\t\t\t\t\t\t<section class=\"elementor-section elementor-top-section elementor-element elementor-element-db37b0a elementor-section-boxed elementor-section-height-default elementor-section-height-default elementor-invisible\" data-id=\"db37b0a\" data-element_type=\"section\" data-e-type=\"section\" data-settings=\"{&quot;animation&quot;:&quot;fadeInDown&quot;}\">\n\t\t\t\t\t\t<div class=\"elementor-container elementor-column-gap-default\">\n\t\t\t\t\t<div class=\"elementor-column elementor-col-100 elementor-top-column elementor-element elementor-element-bfdcb99 ot-flex-column-vertical\" data-id=\"bfdcb99\" data-element_type=\"column\" data-e-type=\"column\">\n\t\t\t<div class=\"elementor-widget-wrap elementor-element-populated\">\n\t\t\t\t\t\t<div class=\"elementor-element elementor-element-b44cd7a theratio-align-center elementor-widget elementor-widget-iheading\" data-id=\"b44cd7a\" data-element_type=\"widget\" data-e-type=\"widget\" data-widget_type=\"iheading.default\">\n\t\t\t\t<div class=\"elementor-widget-container\">\n\t\t\t\t\t\t\t<div class=\"ot-heading is-dots\">\r\n\t        <span>[ EXPLORA  ]<\/span>\t        <h2 class=\"main-heading\">Proyectos Destacados<br> y Casos de \u00c9xito<\/h2>\t    <\/div>\r\n\t    \t\t\t\t<\/div>\n\t\t\t\t<\/div>\n\t\t\t\t<div class=\"elementor-element elementor-element-f511adf elementor-widget elementor-widget-ipfilter\" data-id=\"f511adf\" data-element_type=\"widget\" data-e-type=\"widget\" data-widget_type=\"ipfilter.default\">\n\t\t\t\t<div class=\"elementor-widget-container\">\n\t\t\t\t\t\r\n\t\t<div class=\"project-filter-wrapper\">\r\n\t\t\t\t        \t<div class=\"container\">\r\n\t        \t\t<ul class=\"project_filters\">\r\n\t        \t\t\t\t        \t\t\t \t<li><a href=\"#\" data-filter=\"*\" class=\"selected btn-details\">Todos<span class=\"filter-count\"><\/span><\/a><\/li>\r\n\t        \t\t\t\t\t                \t\t                \t<li>\r\n\t\t\t\t\t\t\t\t<a class=\"btn-details\" href='#' data-filter='.category-15'>Experiencias BTL<span class=\"filter-count\"><\/span><\/a>\r\n\t\t\t\t\t\t\t<\/li>\t                   \r\n\t\t                \t\t                \t<li>\r\n\t\t\t\t\t\t\t\t<a class=\"btn-details\" href='#' data-filter='.category-16'>Promocionales<span class=\"filter-count\"><\/span><\/a>\r\n\t\t\t\t\t\t\t<\/li>\t                   \r\n\t\t                \t\t                \t<li>\r\n\t\t\t\t\t\t\t\t<a class=\"btn-details\" href='#' data-filter='.category-17'>Alianzas Estrat\u00e9gicas<span class=\"filter-count\"><\/span><\/a>\r\n\t\t\t\t\t\t\t<\/li>\t                   \r\n\t\t                \t\t                \t<li>\r\n\t\t\t\t\t\t\t\t<a class=\"btn-details\" href='#' data-filter='.category-18'>Producci\u00f3n de eventos<span class=\"filter-count\"><\/span><\/a>\r\n\t\t\t\t\t\t\t<\/li>\t                   \r\n\t\t                \t\t\t\t\t<\/ul>\r\n\t\t\t\t<\/div>\r\n\t        \t\t\t\t        <div class=\"projects-grid pf_3_cols style-4 img-popup img-scale w-auto\" data-load=\"4\" data-count=\"12\">\r\n\t\t\t<div class=\"grid-sizer\"><\/div>\r\n\t            \r\n<div class=\"project-item category-15 \">\r\n\t<div class=\"projects-box\">\r\n\t\t<div class=\"projects-thumbnail\" data-src=\"https:\/\/agenciareborn.cl\/wp-content\/uploads\/2026\/03\/PCPLAY-RENOVACION-GIGANTOGRAFIAS-2.png\" data-sub-html=\"Branding &#8211; PCPLAY RENOVACION GIGANTOGRAFIAS\">\r\n\t\t\t<a href=\"https:\/\/agenciareborn.cl\/index.php\/portfolio\/branding-pcplay-renovacion-gigantografias\/\">\r\n\t\t\t\t<img fetchpriority=\"high\" decoding=\"async\" width=\"720\" height=\"720\" src=\"https:\/\/agenciareborn.cl\/wp-content\/uploads\/2026\/03\/PCPLAY-RENOVACION-GIGANTOGRAFIAS-2-720x720.png\" class=\"attachment-theratio-portfolio-thumbnail-grid size-theratio-portfolio-thumbnail-grid wp-post-image\" alt=\"\" srcset=\"https:\/\/agenciareborn.cl\/wp-content\/uploads\/2026\/03\/PCPLAY-RENOVACION-GIGANTOGRAFIAS-2-720x720.png 720w, https:\/\/agenciareborn.cl\/wp-content\/uploads\/2026\/03\/PCPLAY-RENOVACION-GIGANTOGRAFIAS-2-150x150.png 150w\" sizes=\"(max-width: 720px) 100vw, 720px\" \/>\t\t\t<\/a>\r\n\t\t\t\r\n\t\t\t<span class=\"overlay\">\r\n\t\t\t\t<h5>Branding &#8211; PCPLAY RENOVACION GIGANTOGRAFIAS<\/h5>\r\n\t\t\t\t<i class=\"ot-flaticon-add\"><\/i>\r\n\t\t\t<\/span>\r\n\t\t<\/div>\r\n\t\t<div class=\"portfolio-info\">\r\n\t\t\t<div class=\"portfolio-info-inner\">\r\n\t\t\t\t<h5><a class=\"title-link\" href=\"https:\/\/agenciareborn.cl\/index.php\/portfolio\/branding-pcplay-renovacion-gigantografias\/\" data-src=\"https:\/\/agenciareborn.cl\/wp-content\/uploads\/2026\/03\/PCPLAY-RENOVACION-GIGANTOGRAFIAS-2.png\" data-sub-html=\"Branding &#8211; PCPLAY RENOVACION GIGANTOGRAFIAS\">Branding &#8211; PCPLAY RENOVACION GIGANTOGRAFIAS<\/a><\/h5>\r\n\t\t\t\t<p class=\"portfolio-cates\"><a href=\"https:\/\/agenciareborn.cl\/index.php\/portfolio-category\/experiencias-btl\/\">Experiencias BTL<\/a><\/p> \r\n\t\t\t<\/div>\r\n\t\t\t<a class=\"overlay\" href=\"https:\/\/agenciareborn.cl\/index.php\/portfolio\/branding-pcplay-renovacion-gigantografias\/\"><\/a>\r\n\t\t<\/div>\r\n\t<\/div>\r\n<\/div>\r\n<div class=\"project-item category-15 \">\r\n\t<div class=\"projects-box\">\r\n\t\t<div class=\"projects-thumbnail\" data-src=\"https:\/\/agenciareborn.cl\/wp-content\/uploads\/2026\/03\/Moviliario-Retail.png\" data-sub-html=\"Moviliario Retail &#8211; Muebles\">\r\n\t\t\t<a href=\"https:\/\/agenciareborn.cl\/index.php\/portfolio\/moviliario-retail-muebles\/\">\r\n\t\t\t\t<img decoding=\"async\" width=\"720\" height=\"720\" src=\"https:\/\/agenciareborn.cl\/wp-content\/uploads\/2026\/03\/Moviliario-Retail-720x720.png\" class=\"attachment-theratio-portfolio-thumbnail-grid size-theratio-portfolio-thumbnail-grid wp-post-image\" alt=\"\" srcset=\"https:\/\/agenciareborn.cl\/wp-content\/uploads\/2026\/03\/Moviliario-Retail-720x720.png 720w, https:\/\/agenciareborn.cl\/wp-content\/uploads\/2026\/03\/Moviliario-Retail-150x150.png 150w\" sizes=\"(max-width: 720px) 100vw, 720px\" \/>\t\t\t<\/a>\r\n\t\t\t\r\n\t\t\t<span class=\"overlay\">\r\n\t\t\t\t<h5>Moviliario Retail &#8211; Muebles<\/h5>\r\n\t\t\t\t<i class=\"ot-flaticon-add\"><\/i>\r\n\t\t\t<\/span>\r\n\t\t<\/div>\r\n\t\t<div class=\"portfolio-info\">\r\n\t\t\t<div class=\"portfolio-info-inner\">\r\n\t\t\t\t<h5><a class=\"title-link\" href=\"https:\/\/agenciareborn.cl\/index.php\/portfolio\/moviliario-retail-muebles\/\" data-src=\"https:\/\/agenciareborn.cl\/wp-content\/uploads\/2026\/03\/Moviliario-Retail.png\" data-sub-html=\"Moviliario Retail &#8211; Muebles\">Moviliario Retail &#8211; Muebles<\/a><\/h5>\r\n\t\t\t\t<p class=\"portfolio-cates\"><a href=\"https:\/\/agenciareborn.cl\/index.php\/portfolio-category\/experiencias-btl\/\">Experiencias BTL<\/a><\/p> \r\n\t\t\t<\/div>\r\n\t\t\t<a class=\"overlay\" href=\"https:\/\/agenciareborn.cl\/index.php\/portfolio\/moviliario-retail-muebles\/\"><\/a>\r\n\t\t<\/div>\r\n\t<\/div>\r\n<\/div>\r\n<div class=\"project-item category-17 \">\r\n\t<div class=\"projects-box\">\r\n\t\t<div class=\"projects-thumbnail\" data-src=\"https:\/\/agenciareborn.cl\/wp-content\/uploads\/2026\/03\/evento3.png\" data-sub-html=\"Alianzas Estrat\u00e9gicas \u2013 ESEM 2025\">\r\n\t\t\t<a href=\"https:\/\/agenciareborn.cl\/index.php\/portfolio\/alianzas-estrategicas-esem-2025\/\">\r\n\t\t\t\t<img decoding=\"async\" width=\"720\" height=\"720\" src=\"https:\/\/agenciareborn.cl\/wp-content\/uploads\/2026\/03\/evento3-720x720.png\" class=\"attachment-theratio-portfolio-thumbnail-grid size-theratio-portfolio-thumbnail-grid wp-post-image\" alt=\"\" srcset=\"https:\/\/agenciareborn.cl\/wp-content\/uploads\/2026\/03\/evento3-720x720.png 720w, https:\/\/agenciareborn.cl\/wp-content\/uploads\/2026\/03\/evento3-150x150.png 150w\" sizes=\"(max-width: 720px) 100vw, 720px\" \/>\t\t\t<\/a>\r\n\t\t\t\r\n\t\t\t<span class=\"overlay\">\r\n\t\t\t\t<h5>Alianzas Estrat\u00e9gicas \u2013 ESEM 2025<\/h5>\r\n\t\t\t\t<i class=\"ot-flaticon-add\"><\/i>\r\n\t\t\t<\/span>\r\n\t\t<\/div>\r\n\t\t<div class=\"portfolio-info\">\r\n\t\t\t<div class=\"portfolio-info-inner\">\r\n\t\t\t\t<h5><a class=\"title-link\" href=\"https:\/\/agenciareborn.cl\/index.php\/portfolio\/alianzas-estrategicas-esem-2025\/\" data-src=\"https:\/\/agenciareborn.cl\/wp-content\/uploads\/2026\/03\/evento3.png\" data-sub-html=\"Alianzas Estrat\u00e9gicas \u2013 ESEM 2025\">Alianzas Estrat\u00e9gicas \u2013 ESEM 2025<\/a><\/h5>\r\n\t\t\t\t<p class=\"portfolio-cates\"><a href=\"https:\/\/agenciareborn.cl\/index.php\/portfolio-category\/alianzas-estrategicas\/\">Alianzas Estrat\u00e9gicas<\/a><\/p> \r\n\t\t\t<\/div>\r\n\t\t\t<a class=\"overlay\" href=\"https:\/\/agenciareborn.cl\/index.php\/portfolio\/alianzas-estrategicas-esem-2025\/\"><\/a>\r\n\t\t<\/div>\r\n\t<\/div>\r\n<\/div>\r\n<div class=\"project-item category-17 \">\r\n\t<div class=\"projects-box\">\r\n\t\t<div class=\"projects-thumbnail\" data-src=\"https:\/\/agenciareborn.cl\/wp-content\/uploads\/2026\/03\/evento2.png\" data-sub-html=\"Alianzas Estrat\u00e9gicas \u2013 EVENTO ASIS INTERNATIONAL 2025\">\r\n\t\t\t<a href=\"https:\/\/agenciareborn.cl\/index.php\/portfolio\/alianzas-estrategicas-evento-asis-international-2025\/\">\r\n\t\t\t\t<img loading=\"lazy\" decoding=\"async\" width=\"720\" height=\"720\" src=\"https:\/\/agenciareborn.cl\/wp-content\/uploads\/2026\/03\/evento2-720x720.png\" class=\"attachment-theratio-portfolio-thumbnail-grid size-theratio-portfolio-thumbnail-grid wp-post-image\" alt=\"\" srcset=\"https:\/\/agenciareborn.cl\/wp-content\/uploads\/2026\/03\/evento2-720x720.png 720w, https:\/\/agenciareborn.cl\/wp-content\/uploads\/2026\/03\/evento2-150x150.png 150w\" sizes=\"(max-width: 720px) 100vw, 720px\" \/>\t\t\t<\/a>\r\n\t\t\t\r\n\t\t\t<span class=\"overlay\">\r\n\t\t\t\t<h5>Alianzas Estrat\u00e9gicas \u2013 EVENTO ASIS INTERNATIONAL 2025<\/h5>\r\n\t\t\t\t<i class=\"ot-flaticon-add\"><\/i>\r\n\t\t\t<\/span>\r\n\t\t<\/div>\r\n\t\t<div class=\"portfolio-info\">\r\n\t\t\t<div class=\"portfolio-info-inner\">\r\n\t\t\t\t<h5><a class=\"title-link\" href=\"https:\/\/agenciareborn.cl\/index.php\/portfolio\/alianzas-estrategicas-evento-asis-international-2025\/\" data-src=\"https:\/\/agenciareborn.cl\/wp-content\/uploads\/2026\/03\/evento2.png\" data-sub-html=\"Alianzas Estrat\u00e9gicas \u2013 EVENTO ASIS INTERNATIONAL 2025\">Alianzas Estrat\u00e9gicas \u2013 EVENTO ASIS INTERNATIONAL 2025<\/a><\/h5>\r\n\t\t\t\t<p class=\"portfolio-cates\"><a href=\"https:\/\/agenciareborn.cl\/index.php\/portfolio-category\/alianzas-estrategicas\/\">Alianzas Estrat\u00e9gicas<\/a><\/p> \r\n\t\t\t<\/div>\r\n\t\t\t<a class=\"overlay\" href=\"https:\/\/agenciareborn.cl\/index.php\/portfolio\/alianzas-estrategicas-evento-asis-international-2025\/\"><\/a>\r\n\t\t<\/div>\r\n\t<\/div>\r\n<\/div>\r\n<div class=\"project-item category-15 \">\r\n\t<div class=\"projects-box\">\r\n\t\t<div class=\"projects-thumbnail\" data-src=\"https:\/\/agenciareborn.cl\/wp-content\/uploads\/2026\/03\/placa-corporativa.png\" data-sub-html=\"Campa\u00f1as &#8211; Placa Corporativa\">\r\n\t\t\t<a href=\"https:\/\/agenciareborn.cl\/index.php\/portfolio\/campanas-placa-corporativa\/\">\r\n\t\t\t\t<img loading=\"lazy\" decoding=\"async\" width=\"720\" height=\"720\" src=\"https:\/\/agenciareborn.cl\/wp-content\/uploads\/2026\/03\/placa-corporativa-720x720.png\" class=\"attachment-theratio-portfolio-thumbnail-grid size-theratio-portfolio-thumbnail-grid wp-post-image\" alt=\"\" srcset=\"https:\/\/agenciareborn.cl\/wp-content\/uploads\/2026\/03\/placa-corporativa-720x720.png 720w, https:\/\/agenciareborn.cl\/wp-content\/uploads\/2026\/03\/placa-corporativa-150x150.png 150w\" sizes=\"(max-width: 720px) 100vw, 720px\" \/>\t\t\t<\/a>\r\n\t\t\t\r\n\t\t\t<span class=\"overlay\">\r\n\t\t\t\t<h5>Campa\u00f1as &#8211; Placa Corporativa<\/h5>\r\n\t\t\t\t<i class=\"ot-flaticon-add\"><\/i>\r\n\t\t\t<\/span>\r\n\t\t<\/div>\r\n\t\t<div class=\"portfolio-info\">\r\n\t\t\t<div class=\"portfolio-info-inner\">\r\n\t\t\t\t<h5><a class=\"title-link\" href=\"https:\/\/agenciareborn.cl\/index.php\/portfolio\/campanas-placa-corporativa\/\" data-src=\"https:\/\/agenciareborn.cl\/wp-content\/uploads\/2026\/03\/placa-corporativa.png\" data-sub-html=\"Campa\u00f1as &#8211; Placa Corporativa\">Campa\u00f1as &#8211; Placa Corporativa<\/a><\/h5>\r\n\t\t\t\t<p class=\"portfolio-cates\"><a href=\"https:\/\/agenciareborn.cl\/index.php\/portfolio-category\/experiencias-btl\/\">Experiencias BTL<\/a><\/p> \r\n\t\t\t<\/div>\r\n\t\t\t<a class=\"overlay\" href=\"https:\/\/agenciareborn.cl\/index.php\/portfolio\/campanas-placa-corporativa\/\"><\/a>\r\n\t\t<\/div>\r\n\t<\/div>\r\n<\/div>\r\n<div class=\"project-item category-16 \">\r\n\t<div class=\"projects-box\">\r\n\t\t<div class=\"projects-thumbnail\" data-src=\"https:\/\/agenciareborn.cl\/wp-content\/uploads\/2026\/03\/impesion-digital.png\" data-sub-html=\"Servicios &#8211; Impresi\u00f3n Digital\">\r\n\t\t\t<a href=\"https:\/\/agenciareborn.cl\/index.php\/portfolio\/promocionales-servicios\/\">\r\n\t\t\t\t<img loading=\"lazy\" decoding=\"async\" width=\"720\" height=\"720\" src=\"https:\/\/agenciareborn.cl\/wp-content\/uploads\/2026\/03\/impesion-digital-720x720.png\" class=\"attachment-theratio-portfolio-thumbnail-grid size-theratio-portfolio-thumbnail-grid wp-post-image\" alt=\"\" srcset=\"https:\/\/agenciareborn.cl\/wp-content\/uploads\/2026\/03\/impesion-digital-720x720.png 720w, https:\/\/agenciareborn.cl\/wp-content\/uploads\/2026\/03\/impesion-digital-150x150.png 150w\" sizes=\"(max-width: 720px) 100vw, 720px\" \/>\t\t\t<\/a>\r\n\t\t\t\r\n\t\t\t<span class=\"overlay\">\r\n\t\t\t\t<h5>Servicios &#8211; Impresi\u00f3n Digital<\/h5>\r\n\t\t\t\t<i class=\"ot-flaticon-add\"><\/i>\r\n\t\t\t<\/span>\r\n\t\t<\/div>\r\n\t\t<div class=\"portfolio-info\">\r\n\t\t\t<div class=\"portfolio-info-inner\">\r\n\t\t\t\t<h5><a class=\"title-link\" href=\"https:\/\/agenciareborn.cl\/index.php\/portfolio\/promocionales-servicios\/\" data-src=\"https:\/\/agenciareborn.cl\/wp-content\/uploads\/2026\/03\/impesion-digital.png\" data-sub-html=\"Servicios &#8211; Impresi\u00f3n Digital\">Servicios &#8211; Impresi\u00f3n Digital<\/a><\/h5>\r\n\t\t\t\t<p class=\"portfolio-cates\"><a href=\"https:\/\/agenciareborn.cl\/index.php\/portfolio-category\/promocionales\/\">Promocionales<\/a><\/p> \r\n\t\t\t<\/div>\r\n\t\t\t<a class=\"overlay\" href=\"https:\/\/agenciareborn.cl\/index.php\/portfolio\/promocionales-servicios\/\"><\/a>\r\n\t\t<\/div>\r\n\t<\/div>\r\n<\/div>\t\t\t<\/div>\r\n\r\n\t\t\t\t    <\/div>\r\n\t\t\t\t\t\t\t\t\t\t\r\n\t    \t\t\t\t<\/div>\n\t\t\t\t<\/div>\n\t\t\t\t\t<\/div>\n\t\t<\/div>\n\t\t\t\t\t<\/div>\n\t\t<\/section>\n\t\t\t\t<\/div>\n\t\t","protected":false},"excerpt":{"rendered":"<p>[ EXPLORA ] Proyectos Destacados y Casos de \u00c9xito Todos Experiencias BTL Promocionales Alianzas Estrat\u00e9gicas Producci\u00f3n de eventos Branding &#8211; PCPLAY RENOVACION GIGANTOGRAFIAS Branding &#8211; PCPLAY RENOVACION GIGANTOGRAFIAS Experiencias BTL Moviliario Retail &#8211; Muebles Moviliario Retail &#8211; Muebles Experiencias BTL Alianzas Estrat\u00e9gicas \u2013 ESEM 2025 Alianzas Estrat\u00e9gicas \u2013 ESEM 2025 Alianzas Estrat\u00e9gicas Alianzas Estrat\u00e9gicas \u2013 [&hellip;]<\/p>\n","protected":false},"author":1,"featured_media":0,"parent":0,"menu_order":0,"comment_status":"closed","ping_status":"closed","template":"","meta":{"rs_blank_template":"","rs_page_bg_color":"","slide_template_v7":"","footnotes":""},"class_list":["post-3914","page","type-page","status-publish","hentry"],"_links":{"self":[{"href":"https:\/\/agenciareborn.cl\/index.php\/wp-json\/wp\/v2\/pages\/3914","targetHints":{"allow":["GET"]}}],"collection":[{"href":"https:\/\/agenciareborn.cl\/index.php\/wp-json\/wp\/v2\/pages"}],"about":[{"href":"https:\/\/agenciareborn.cl\/index.php\/wp-json\/wp\/v2\/types\/page"}],"author":[{"embeddable":true,"href":"https:\/\/agenciareborn.cl\/index.php\/wp-json\/wp\/v2\/users\/1"}],"replies":[{"embeddable":true,"href":"https:\/\/agenciareborn.cl\/index.php\/wp-json\/wp\/v2\/comments?post=3914"}],"version-history":[{"count":62,"href":"https:\/\/agenciareborn.cl\/index.php\/wp-json\/wp\/v2\/pages\/3914\/revisions"}],"predecessor-version":[{"id":6676,"href":"https:\/\/agenciareborn.cl\/index.php\/wp-json\/wp\/v2\/pages\/3914\/revisions\/6676"}],"wp:attachment":[{"href":"https:\/\/agenciareborn.cl\/index.php\/wp-json\/wp\/v2\/media?parent=3914"}],"curies":[{"name":"wp","href":"https:\/\/api.w.org\/{rel}","templated":true}]}}